hen s(-8) is divided by 8.
4
Let u be 2 - (-1 + 1 - 0). Suppose -v + 26 + 19 = u*i, 2*i = v - 33. Suppose -3*a - 56 = -7*a. Calculate the remainder when v is divided by a.
11
Suppose 0*f - f = -20. Let b(x) = 2*x**2 - x + 1. Let s be (2/4)/((-1)/4). What is the remainder when f is divided by b(s)?
9
Let x(g) = -5*g + 4 - 5 + g - 1 + 2*g**2 + g**3. Calculate the remainder when x(-3) is divided by 1.
0
Suppose -9*t + 5*t = -180. Calculate the remainder when t is divided by 16.
13
Suppose -2*d + d = -3. Let c be (-3 + 3/(-9))*-3. Suppose g + c = d*g. Calculate the remainder when 18 is divided by g.
3
Suppose -4*z = -374 + 150. Let a(v) = v**3 - 11*v**2 - 10*v - 5. What is the remainder when z is divided by a(12)?
18
Let z = -14 + 27. What is the remainder when (-11 - -1)*5/(-2) is divided by z?
12
Suppose -10 = -0*j - 2*j. Suppose -24 = -j*d + 3*d. What is the remainder when 23 is divided by d?
11
Calculate the remainder when 67 is divided by (7/(-4))/((-5)/(-60)*-3).
4
Let n(v) = 2*v**2 + 2*v - 6. Suppose -2*t - t + 24 = 0. What is the remainder when n(t) is divided by 35?
33
Let r = -15 + 18. What is the remainder when 8 is divided by r?
2
Let l = 0 + 2. Let g = l - -8. Calculate the remainder when g is divided by 7.
3
Suppose 4 = 5*p - d, 2*p = 4*p - d - 4. Suppose p = -4*b + n + 19 + 12, -b + 2*n + 13 = 0. Calculate the remainder when 18 is divided by b.
4
What is the remainder when (-300)/(-16) - 1/(-4) is divided by 11?
8
Suppose 183 = 3*n + 4*f, 0 = -5*n - 3*f - 50 + 366. Calculate the remainder when n is divided by 11.
10
Let h = -148 - -240. Suppose -4*m + 4*a - a = -116, -3*m = -a - h. Calculate the remainder when m is divided by 11.
10
Let y(x) = -2*x + 3. What is the remainder when 44 is divided by y(-6)?
14
Let s(p) = -p**2 + 7*p + 5. Let x = -3 + 9. Calculate the remainder when (-2)/(-5) + (-158)/(-5) is divided by s(x).
10
Calculate the remainder when 37 is divided by ((-15)/(-4))/(21/56).
7
Let x(u) = u**2 + 8*u + 7. Let c be x(-7). Suppose -4*b + 10 + 10 = c. What is the remainder when b is divided by 3?
2
Suppose -z + g - 10 = 2*g, -z + 2 = -3*g. Let v = 24 + z. What is the remainder when 52 + (-1)/(6*5/90) is divided by v?
15
Let v(n) = -n**2 + 5*n - 3. Let r = 9 - 4. Let w be v(r). Let i(m) = -3*m - 3. What is the remainder when 17 is divided by i(w)?
5
Let b(p) = 4*p - 3. Let v be b(3). Suppose 5*n - 21 = v. Let r = n + 7. Calculate the remainder when r is divided by 5.
3
Let a(h) = 15*h**2 + 18*h + 41. Let j(v) = 5*v**2 + 2*v**2 + 3 - 1 - 4*v. Calculate the remainder when a(-2) is divided by j(2).
21
Let v = 0 + 0. Let i(y) be the third derivative of -y**6/120 + 4*y**3 + 21*y**2. What is the remainder when 70 is divided by i(v)?
22
Suppose -3*a + 85 + 68 = 0. Calculate the remainder when 151 is divided by a.
49
Suppose -13*s + 8*s + 105 = 0. Suppose -s*g = -19*g - 10. Let n(u) = -9*u - 1. Calculate the remainder when n(-2) is divided by g.
2
Let m = 45 - 29. What is the remainder when 45 is divided by m?
13
Let q(d) = -3*d**2 + 4*d + 4. Let y be q(4). Let g = y - -56. Suppose 3*a = 4*p + g, 0*a = 5*a + 3*p - 8. Calculate the remainder when a is divided by 2.
0
Suppose -6 = f - 2*u, 3*u - 16 = -2*f + 7*f. Let s = f - -96. Calculate the remainder when s is divided by 32.
30
Let q(v) = -v**3 - v**2 - 3. Let b be q(0). Suppose 3*n + 2*i - 22 = i, -5*i - 30 = -5*n. What is the remainder when (-3)/(-9) + (-56)/b is divided by n?
5
Suppose -3*b = 2*l - 11, -l + 3 = -b - 0. Suppose -5*d + l + 16 = 0. Suppose q - 21 = -d*s + 10, s = q - 11. What is the remainder when 43 is divided by q?
13
Let s(m) = m**3 + 5*m**2 - m - 3. Let r be s(-5). Suppose -d = 4, -5*c + 3*d + r*d = -55. What is the remainder when 18 is divided by c?
4
Let h(v) = 3*v**3 + 2*v**2 - 4*v + 3. Calculate the remainder when h(2) is divided by (-156)/(-11) + 4/(-22).
13
Suppose o = -2 + 1, 3*l - 8 = -o. Let r(u) = 18*u + 11. Let p(w) = 9*w + 5. Let x(k) = 13*p(k) - 6*r(k). Calculate the remainder when x(l) is divided by 14.
12
Calculate the remainder when (-369)/(-6)*(8 - 6) is divided by 25.
23
Let c = 9 + -7. Let w(i) = -5*i**3 - i**2 - i + 2. Calculate the remainder when w(-2) is divided by (-288)/(-20) + c/(-5).
12
Suppose -2*a = k - 36, -3*a - 7 = 5*k - 61. Let d = a - 8. Calculate the remainder when 29 is divided by d.
9
Let x(g) = g**3 - 4*g**2 - 8*g - 2. Suppose 2*a = -3*p + 6 + 10, -3*a = 5*p - 24. What is the remainder when x(6) is divided by a?
6
Suppose 3*l - 4*r = 82, 36 = 3*l + 3*r - 18. Let j be (-2)/(-4) - (-184)/16. What is the remainder when l is divided by 4*(-3 - -2) + j?
6
Suppose -2*t + 86 + 14 = 0. Suppose 6 = -2*s + t. What is the remainder when s is divided by 8?
6
Suppose 0 = -5*f - 15, -2*f + 59 = -5*x + 200. Calculate the remainder when 50 is divided by x.
23
Calculate the remainder when 48 is divided by 23 + -4 - (-3 + 5 + -2).
10
Let v = 9 + 62. Calculate the remainder when v is divided by 28.
15
Calculate the remainder when 29 is divided by ((-18)/12)/((-2)/20).
14
Let b = -20 + 24. Suppose -u + 131 = 5*c, -3*c + 65 + 9 = -4*u. Calculate the remainder when c/b - (-15)/10 is divided by 3.
2
Suppose -7*q + 6*q = -207. What is the remainder when q is divided by 19?
17
Let k = 27 + -12. What is the remainder when 1 - (-27 - 0/(-3)) is divided by k?
13
Let r(t) = t**2 + 5*t - 2. Let f be r(-8). Suppose -86 = -4*w + f. Calculate the remainder when 51 is divided by w.
24
Let g be (1 - 3)/(1/4). What is the remainder when (-4)/1*110/g is divided by 14?
13
Let g be (-1 + 3/6)*0. Suppose g*r - 65 = -5*r. Let q(s) = 5*s + 4. What is the remainder when q(4) is divided by r?
11
Let i(t) = t**3 + 7*t**2 + 9. Calculate the remainder when 62 is divided by i(-7).
8
Suppose 3*j = -9 - 9. Suppose 2*r - 42 - 4 = 4*y, -4*r - 5*y + 105 = 0. What is the remainder when r is divided by (-2)/6 + (-44)/j?
4
Let z(c) = -5*c - 12. Let w be z(-8). Suppose 5*m = 2*g - w, m + 15 = g - 2*m. What is the remainder when 15 is divided by g?
6
Let v(g) = -g**2 - 7*g + 1. Let q be v(-6). Suppose -9*s = -q*s - 12. Suppose 2*a - s*a = -80. Calculate the remainder when 59 is divided by a.
19
Let x(t) = -16*t + 2. Suppose -6 = -3*f - 21. Let l be x(f). Suppose -4*p + l - 18 = 0. Calculate the remainder when p is divided by 6.
4
Let x be (-286)/10 + 2/(-5). Let d = x - -51. Let y(a) = -3*a - 7. Calculate the remainder when d is divided by y(-5).
6
Let t = -2 - -4. Suppose -x + t*x - 26 = 0. Calculate the remainder when x is divided by 9.
8
Let j = 265 + -168. What is the remainder when j is divided by 33?
31
Let b(f) = f**3 - 7*f**2 + 8*f - 4. Calculate the remainder when b(7) is divided by (-133)/(-5) - (-3 + (-26)/(-10)).
25
Suppose 0 = 3*f - 50 - 49. Calculate the remainder when f is divided by 10.
3
Suppose 36 + 12 = -5*p - 3*r, r = -5*p - 56. Let b = -8 - p. What is the remainder when 4 is divided by b?
0
What is the remainder when 8154/81 + 2/(-3) + 0 is divided by 13?
9
Let d be (0 - 0) + 10 + -6. What is the remainder when 21*4*d/24 is divided by 4?
2
Let o(q) = q + 9. Let r(t) = 10. Let c(m) = -4*o(m) + 3*r(m). Calculate the remainder when 29 is divided by c(-4).
9
Let t = -9 - -26. What is the remainder when 66 is divided by t?
15
Let n = -40 + 97. What is the remainder when n is divided by 15?
12
Let x(a) = -15*a + 1. Let y be x(-1). Suppose 4*v + 5 = 5*v. What is the remainder when 27/4 - (-4)/y is divided by v?
2
Suppose 0 = 3*g + 22 - 79. Let v be (-3)/(-4)*24/3. Let s(r) = r + 4. What is the remainder when g is divided by s(v)?
9
Let h(v) = 13*v**2 + 7*v + 10. Calculate the remainder when h(-2) is divided by 26.
22
Suppose -v - 1 = 1. Suppose -3*q - 3*j = -51, -2*q - q = -j - 35. Calculate the remainder when q is divided by (-33)/(-5) + v/(-5).
6
Let c(w) = -w**3 - 6*w**2 - 3*w + 1. What is the remainder when c(-6) is divided by 10?
9
Suppose 0 = 5*o - 2*k + 3*k - 57, 3*o - 21 = -5*k. Calculate the remainder when o is divided by 7.
5
Suppose 5*b + 2*r - 34 = 3, -27 = -4*b + r. Let c be 2/(-4)*8/(-1). Suppose 0*h - c*h = -2*k + 12, k - 3*h = 7. What is the remainder when b is divided by k?
3
Suppose 0*j = 5*j - 275. Let p(n) = -2*n**3 - 3*n**2 + 2*n - 2. Calculate the remainder when j is divided by p(-3).
17
Let s be 12*(-1)/(0 - 2). Calculate the remainder whe